*r**2 - 108*r - 26. What is g(12)?
-26
Let a(b) = 30*b**3 - 2*b**2 + 2*b + 7. Determine a(0).
7
Let i(t) = 74*t - 7076. Determine i(96).
28
Let w(c) = -2*c**2 - 363*c - 7567. Calculate w(-24).
-7
Let x(a) = -6*a**2 + 305*a + 2131. Give x(57).
22
Let z(b) = -505*b - 145. Calculate z(-1).
360
Let d(a) = 43*a**2 - 206*a - 208. Calculate d(-1).
41
Let h(s) = -s**2 - 64*s - 719. What is h(-14)?
-19
Let w(n) = n**3 - 23*n**2 - 145*n - 92. Give w(28).
-232
Let l(z) = -3*z**3 + 33*z**2 - 30*z + 11. Give l(10).
11
Let x(m) = 77*m - 764. What is x(10)?
6
Let q(f) = 10*f**2 - 33*f - 322. Determine q(-6).
236
Let o(y) = -2*y**3 - 7*y**2 - 4*y + 6. What is o(-6)?
210
Let g(c) = 24*c - 20. Calculate g(2).
28
Let p(a) = -3*a**2 + 15*a + 194. Calculate p(-5).
44
Let m(p) = p**3 + 11*p**2 - 816*p - 8526. Calculate m(-29).
0
Let n(b) = -b**3 + 12*b**2 + 69*b - 590. Give n(14).
-16
Let k(t) = 150*t + 4905. What is k(-32)?
105
Let t(s) = -s**3 - 12*s**2 + 30*s + 173. Give t(-13).
-48
Let k(c) = -3*c**3 + 19*c**2 - 7*c + 2. Calculate k(6).
-4
Let n(z) = 2*z**3 - 6*z**2 - 34*z + 102. What is n(4)?
-2
Let i(k) = -4*k**3 + 125*k**2 - 818*k + 99. What is i(22)?
11
Let b(x) = 2*x**3 + 27*x**2 + 7*x - 114. What is b(-13)?
-36
Let h(m) = 15*m**2 - 98*m + 110. Determine h(9).
443
Let v(u) = -u**2 + 1810*u - 7217. Give v(4).
7
Let n(z) = 1326*z - 15905. Give n(12).
7
Let x(o) = o**2 + 293*o + 5480. Determine x(-20).
20
Let b(v) = 219*v + 490. Determine b(0).
490
Let v(z) = 2*z**3 + 12*z**2 - 35*z - 10. What is v(5)?
365
Let n(w) = -w**3 - 18*w**2 + 304*w + 167. What is n(11)?
2
Let s(m) = 10*m**2 - 200*m + 77. Give s(20).
77
Let r(d) = 3036*d + 18205. Calculate r(-6).
-11
Let d(q) = -q**3 - 6*q**2 + 184*q - 65. Calculate d(-17).
-14
Let m(a) = -4*a**3 - 570*a**2 + 288*a + 293. Determine m(-143).
7
Let g(k) = 517*k + 2607. Determine g(-5).
22
Let n(w) = -6*w**3 - 8*w**2 + 24*w - 35. Give n(2).
-67
Let o(a) = 19*a**2 - 1023*a - 161. What is o(54)?
1
Let g(x) = 3*x - 55. Give g(-32).
-151
Let p(y) = -y**2 - 48*y + 9385. Give p(76).
-39
Let h(x) = 131*x + 3475. What is h(-26)?
69
Let a(s) = -s**3 - 2*s**2 - 100*s - 195. What is a(-2)?
5
Let f(d) = -84*d - 69. Determine f(-1).
15
Let p(o) = 4*o**2 - 33*o + 50. Calculate p(9).
77
Let a(x) = -3*x**3 - 36*x**2 - 179*x - 142. Calculate a(-4).
190
Let x(j) = -5*j**2 + 2*j - 39. Determine x(6).
-207
Let a(p) = p**3 - 2*p**2 + 6*p + 18. Calculate a(-2).
-10
Let d(b) = -b**2 - 53*b - 417. What is d(-43)?
13
Let n(s) = -2*s**3 + 202*s**2 - 392*s - 395. Determine n(99).
1
Let z(q) = 11*q**2 + 1260*q - 279. Give z(-115).
296
Let i(n) = -22*n + 160. Give i(8).
-16
Let q(d) = 6*d - 248. Give q(6).
-212
Let w(p) = 4*p**3 - 100*p**2 + 4*p - 46. What is w(25)?
54
Let j(u) = -6*u**2 + 13*u + 25. Calculate j(8).
-255
Let r(m) = 385*m - 7694. Calculate r(20).
6
Let r(w) = w**2 - 33*w + 147. What is r(18)?
-123
Let s(o) = 2*o**3 + 22*o**2 + 20*o - 2. Calculate s(-10).
-2
Let v(f) = 26*f - 1277. What is v(45)?
-107
Let a(p) = -3*p**3 + 20*p**2 + 11*p + 5. What is a(8)?
-163
Let n(x) = x**2 - 9*x - 43. Determine n(13).
9
Let f(g) = -24*g**2 - 14*g - 13. Determine f(-1).
-23
Let j(x) = -x**2 - 463*x + 33142. Determine j(63).
4
Let j(b) = 610*b + 107. Calculate j(-1).
-503
Let r(i) = i**3 - 7*i**2 + 19*i + 4. Give r(6).
82
Let d(k) = -12*k + 58. What is d(11)?
-74
Let o(v) = 196*v - 1965. Calculate o(10).
-5
Let j(h) = 7*h - 148. What is j(21)?
-1
Let o(k) = k**2 - 546*k + 8474. What is o(16)?
-6
Let s(v) = -v**3 + 9*v**2 + 10*v - 7. What is s(2)?
41
Let i(c) = -2*c**2 - 56*c - 365. Give i(-18).
-5
Let n(v) = v**3 - 96*v**2 + 100*v - 250. Determine n(95).
225
Let b(a) = a**3 - 10*a**2 - 28*a - 15. Give b(12).
-63
Let p(x) = -x**2 + 40*x - 514. What is p(12)?
-178
Let s(i) = -i**2 + 101*i - 2455. Give s(36).
-115
Let u(a) = -492*a + 11313. What is u(23)?
-3
Let f(x) = -2*x**3 + 20*x**2 + 37*x + 4. Determine f(12).
-128
Let i(v) = -v**3 + 47*v**2 + 21*v - 959. What is i(47)?
28
Let i(p) = p**3 + 10*p**2 - 14*p - 54. Determine i(-2).
6
Let k(q) = -52*q**2 - 14*q - 4. Determine k(-2).
-184
Let p(m) = -29*m**3 - 33*m**2 - 5*m + 1. Determine p(2).
-373
Let j(c) = -18*c**2 - 36*c + 68. Calculate j(2).
-76
Let h(z) = -47*z + 785. What is h(21)?
-202
Let s(l) = -4*l**2 + 931*l + 3708. What is s(-4)?
-80
Let p(q) = 185*q - 3879. Calculate p(21).
6
Let t(b) = 2*b**3 - 41*b**2 + 26*b - 118. Calculate t(20).
2
Let i(y) = -2*y**3 - 92*y**2 - 84*y + 122. Determine i(-45).
-148
Let q(f) = -18*f + 123. Determine q(7).
-3
Let i(b) = -28*b - 1454. Calculate i(-45).
-194
Let c(w) = -2*w**3 + 126*w**2 + 129*w - 89. Give c(64).
-25
Let f(c) = 603*c + 44626. What is f(-74)?
4
Let h(x) = 2*x**3 - 2*x**2 - 2*x + 3. Calculate h(2).
7
Let s(y) = -2*y**2 + 230*y + 1184. Determine s(-5).
-16
Let w(q) = -2*q**3 - 24*q**2 + 31*q + 8. What is w(-13)?
-57
Let i(g) = -g**3 + 5*g**2 + 13. What is i(8)?
-179
Let l(b) = -2*b**3 - 4*b**2 - 15*b. What is l(-3)?
63
Let h(k) = 3*k**3 - 6*k**2 - 7*k + 43. What is h(3)?
49
Let t(a) = a**2 + 2*a - 557. What is t(-25)?
18
Let h(r) = -3*r**2 - 2*r - 22. Give h(0).
-22
Let p(a) = 59*a - 902. What is p(17)?
101
Let p(a) = 3*a**2 - 35*a + 125. Calculate p(6).
23
Let c(n) = -8*n**2 - 38*n - 247. Give c(-6).
-307
Let f(y) = -10*y**2 - 547*y + 717. What is f(-56)?
-11
Let y(u) = u**3 - 24*u**2 - 581*u + 63. What is y(-15)?
3
Let i(n) = n**3 - 7*n**2 + 37*n - 137. What is i(6)?
49
Let q(s) = 6*s**2 + 3*s - 32. Determine q(5).
133
Let p(r) = r**2 - 101*r + 291. Give p(3).
-3
Let o(x) = 17*x**2 - 544*x + 520. Calculate o(31).
-7
Let x(m) = 1053*m + 7376. Determine x(-7).
5
Let j(k) = -55*k**2 - 10*k - 6. Give j(-1).
-51
Let n(t) = 7878*t + 55159. What is n(-7)?
13
Let n(f) = -4*f**2 + 347*f + 696. Give n(-2).
-14
Let j(g) = -g**3 + 3*g**2 + 15*g + 15. Give j(-4).
67
Let l(j) = -j**3 - 164*j**2 + 2890*j + 1803. Calculate l(-180).
3
Let x(f) = -3*f**2 + 15*f + 237. Determine x(-14).
-561
Let k(g) = 43*g - 1419. Give k(33).
0
Let w(s) = -593*s + 4305. Determine w(7).
154
Let q(d) = 10*d + 45. Determine q(-25).
-205
Let p(s) = -s**2 + 32*s - 128. Give p(5).
7
Let l(q) = -q**3 + 61*q**2 + 58*q + 168. Give l(62).
-80
Let q(a) = 559*a + 2841. Determine q(-5).
46
Let x(b) = -92*b**2 - 30*b + 32. Calculate x(1).
-90
Let b(q) = -24*q + 1324. What is b(48)?
172
Let u(r) = r**3 + 3*r**2 + 36*r + 35. What is u(-1)?
1
Let s(l) = -116*l**2 + 1623*l + 13. What is s(14)?
-1
Let o(y) = 30*y**2 - 209*y - 5. Give o(7).
2
Let i(j) = 4*j**2 + 59*j + 205. Calculate i(-13).
114
Let q(l) = -6*l**2 + 170*l + 31. Determine q(29).
-85
Let w(x) = 4*x**2 - 13*x - 5. Calculate w(0).
-5
Let d(c) = -9*c + 5. Give d(0).
5
Let d(w) = 20*w - 221. Give d(9).
-41
Let s(h) = 4*h**3 - 61*h**2 - 70*h + 1287. Give s(15).
12
Let x(m) = m**2 - 1809*m - 16353. Calculate x(-9).
9
Let o(j) = j**3 - 16*j**2 + 2*j - 13. Determine o(13).
-494
Let z(m) = -26*m + 334. Calculate z(15).
-56
Let c(f) = 25*f + 82. What is c(-8)?
-118
Let x(j) = 269*j - 2953. Calculate x(11).
6
Let k(s) = s**3 - 33*s**2 + 39*s - 216. Calculate k(32).
8
Let q(u) = -u**3 + 13*u**2 - 4*u + 38. Give q(13).
-14
Let k(g) = 7*g**3 + 3*g**2 - 6*g + 6. Determine k(2).
62
Let t(f) = f**3 - 75*f**2 - 307*f - 728. Calculate t(79).
-17
Let p(h) = -87*h**3 + 8*h**2 + h - 7. What is p(1)?
-85
Let p(s) = s**3 - 2*s**2 + 123*s - 694. Give p(5).
-4
Let j(t) = -t**3 - 17*t**2 - 169*t - 3345. Calculate j(-18).
21
Let h(r) = -117*r + 82. Calculate h(1).
-35
Let o(u) = -6*u - 184. Give o(-26).
-28
Let a(i) = -625*i**2 - 640*i - 13. Determine a(-1).
2
Let y(i) = -i**2 - 12*i + 37. Give y(-7).
72
Let g(r) = -r**2 - 34*r + 206. Give g(-40).
-34
Let r(d) = d**3 + 32*d**2 - 1265*d + 53. Determine r(23).
53
Let s(l) = -2*l**3 + 110*l - 109. Give s(1).
-1
Let v(w) = -174*w - 2422. Determine v(-14).
14
Let b(u) = -3440*u - 61. Give b(0).
-61
Let p(r) = 1405*r - 18260. Determine p(13).
5
Let s(b) = -b**3 + 7*b - 4. Give s(-2).
-10
Let t(c) = -c**3 - 20*c**2 - 30*c - 1065. Calculate t(-21).
6
Let a(c) = -c**2 - 3*c - 3. Calculate a(-1).
-1
Let n(a) = -2*a**2 + 9*a - 28. Calculate n(-4).
-96
Let k(n) = n**3 + 127*n**2 - 801*n - 380. What is k(-133)?
19
Let h(r) = r**3 + 20*r**2 + 22*r + 82. What is h(-19)?
25
Let x(s) = -3*s**2 + 85*s + 1335. What is x(-1